 factors of 412568655?
3, 5, 2081, 13217
List the prime factors of 7529516.
2, 619, 3041
List the prime factors of 52183329.
3, 11, 19, 83227
List the prime factors of 134725055.
5, 139, 149, 1301
List the prime factors of 394948375.
5, 1327, 2381
List the prime factors of 77753149.
19, 4092271
List the prime factors of 362604292.
2, 23, 37, 2879
What are the prime factors of 1298284102?
2, 47, 13811533
List the prime factors of 1578408.
2, 3, 13, 5059
What are the prime factors of 30922726?
2, 59, 271, 967
List the prime factors of 446005775.
5, 887, 20113
List the prime factors of 27954509.
11, 103, 2243
What are the prime factors of 97684734?
2, 3, 7, 43, 7727
List the prime factors of 78420402.
2, 3, 4356689
List the prime factors of 70389836.
2, 11, 37, 43237
What are the prime factors of 4058304073?
17, 163, 1464563
List the prime factors of 1391125050.
2, 3, 5, 7, 147209
What are the prime factors of 554645363?
67, 617, 13417
What are the prime factors of 10594577?
7, 1513511
What are the prime factors of 1011749679?
3, 17, 151, 43793
What are the prime factors of 154333263?
3, 7, 179, 41057
List the prime factors of 1542733881.
3, 13, 97, 407807
List the prime factors of 668146852.
2, 17, 89, 113, 977
What are the prime factors of 1112957068?
2, 278239267
What are the prime factors of 497550909?
3, 53, 307, 10193
List the prime factors of 32151273.
3, 7, 11, 12653
List the prime factors of 4573514120.
2, 5, 7, 23, 677, 1049
List the prime factors of 6529957158.
2, 3, 61, 17841413
List the prime factors of 3710168018.
2, 1855084009
List the prime factors of 863392606.
2, 431696303
What are the prime factors of 22555463?
7, 3222209
List the prime factors of 540644033.
109, 4960037
What are the prime factors of 89407453?
89407453
What are the prime factors of 39681684?
2, 3, 7, 52489
What are the prime factors of 16827115?
5, 3365423
What are the prime factors of 77347140?
2, 3, 5, 13, 53, 1871
List the prime factors of 1587033643.
13, 53, 2303387
What are the prime factors of 347641689?
3, 19, 6098977
List the prime factors of 38079921.
3, 11, 61, 18917
What are the prime factors of 410767023?
3, 19, 691, 10429
What are the prime factors of 125877183?
3, 23, 1824307
What are the prime factors of 147021906?
2, 3, 24503651
List the prime factors of 84352958.
2, 42176479
What are the prime factors of 442210468?
2, 7, 2371, 6661
What are the prime factors of 1161832398?
2, 3, 53, 761, 4801
What are the prime factors of 476979376?
2, 29811211
What are the prime factors of 1511276306?
2, 149, 2081, 2437
What are the prime factors of 14483301?
3, 7, 19, 36299
List the prime factors of 1976849713.
2521, 784153
List the prime factors of 166465937.
11, 389, 38903
What are the prime factors of 158626135?
5, 137, 231571
List the prime factors of 371560917.
3, 7, 13, 1361029
What are the prime factors of 1732064323?
11, 179, 879667
List the prime factors of 32559443.
7, 4651349
List the prime factors of 125080751.
83, 1506997
List the prime factors of 13153634.
2, 13, 101, 5009
What are the prime factors of 2356280785?
5, 89, 149, 35537
What are the prime factors of 120460242?
2, 3, 7, 149, 19249
List the prime factors of 85923986.
2, 193, 222601
List the prime factors of 324879093.
3, 7, 11, 97, 179
List the prime factors of 3506773918.
2, 809, 2167351
What are the prime factors of 693887472?
2, 3, 178469
List the prime factors of 448815770.
2, 5, 13, 461, 7489
What are the prime factors of 688276226?
2, 11, 31285283
What are the prime factors of 123820335?
3, 5, 293, 9391
What are the prime factors of 70947954?
2, 3, 7, 11, 113, 151
What are the prime factors of 16630789?
7, 41, 57947
List the prime factors of 12279307.
421, 29167
List the prime factors of 946222744.
2, 118277843
What are the prime factors of 356468681?
107, 167, 19949
What are the prime factors of 10582579?
7, 30853
List the prime factors of 335313101.
103, 3255467
List the prime factors of 60429877.
2803, 21559
What are the prime factors of 307498738?
2, 89, 1727521
List the prime factors of 184244502.
2, 3, 13, 2362109
What are the prime factors of 132223544?
2, 101, 163643
List the prime factors of 853837477.
853837477
What are the prime factors of 120154760?
2, 5, 11, 23, 31, 383
What are the prime factors of 66499678?
2, 7, 929, 5113
What are the prime factors of 3310843019?
11, 659, 41521
What are the prime factors of 50665662?
2, 3, 149, 2099
What are the prime factors of 608073773?
31, 2371, 8273
List the prime factors of 15377890.
2, 5, 11, 71, 179
List the prime factors of 25585329.
3, 7, 11, 10069
What are the prime factors of 354643123?
3923, 90401
What are the prime factors of 335139257?
335139257
List the prime factors of 6980947182.
2, 3, 11, 35257309
What are the prime factors of 58718128?
2, 7, 524269
What are the prime factors of 1251115510?
2, 5, 17, 137, 53719
List the prime factors of 725090800.
2, 5, 7, 17, 15233
What are the prime factors of 24364998?
2, 3, 7, 193373
List the prime factors of 20286655.
5, 4057331
List the prime factors of 139324934.
2, 7, 811, 1753
List the prime factors of 210160227.
3, 173, 307, 1319
What are the prime factors of 7078423430?
2, 5, 13, 83, 107, 6131
What are the prime factors of 153886788?
2, 3, 11, 17, 22859
What are the prime factors of 145385893?
145385893
List the prime factors of 42413688.
2, 3, 641, 919
What are the prime factors of 2416232364?
2, 3, 7, 13, 97, 22811
What are the prime factors of 4884101865?
3, 5, 23, 73, 127, 509
What are the prime factors of 56693737?
43, 1318459
List the prime factors of 304727420.
2, 5, 15236371
List the prime factors of 45899119.
7, 47, 139511
What are the prime factors of 119909633?
119909633
What are the prime factors of 6944913?
3, 257219
List the prime factors of 177622871.
673, 263927
List the prime factors of 13865934.
2, 3, 19, 121631
What are the prime factors of 884470715?
5, 176894143
What are the prime factors of 13496474?
2, 1303, 5179
What are the prime factors of 121344073?
509, 238397
What are the prime factors of 91625926?
2, 7, 71, 92179
List the prime factors of 2122081833.
3, 83, 197, 43261
What are the prime factors of 13609087?
13609087
List the prime factors of 383351057.
383351057
List the prime factors of 45251287.
3023, 14969
List the prime factors of 62270619.
3, 19, 827, 1321
List the prime factors of 8909304979.
379, 23507401
What are the prime factors of 5891251250?
2, 5, 4713001
List the prime factors of 2707242689.
1193, 2269273
What are the prime factors of 39160773?
3, 1450399
What are the prime factors of 122611489?
7, 11, 13, 122489
List the prime factors of 42923178.
2, 3, 263, 9067
List the prime factors of 22163153.
929, 23857
List the prime factors of 32177650.
2, 5, 643553
List the prime factors of 13451866.
2, 131, 51343
List the prime factors of 110138097.
3, 1571, 23369
List the prime factors of 1039164296.
2, 409, 317593
List the prime factors of 327685807.
23, 89, 160081
What are the prime factors of 1941047848?
2, 2017, 120293
List the prime factors of 1514025332.
2, 3631, 104243
List the prime factors of 108094753.
13, 8314981
What are the prime factors of 489769031?
17, 31, 547, 1699
List the prime factors of 161390291.
161390291
What are the prime factors of 693879655?
5, 7, 137, 144709
List the prime factors of 267235934.
2, 7, 31, 615751
What are the prime factors of 174619069?
227, 769247
What are the prime factors of 233626266?
2, 3, 12979237
List the prime factors of 52620645.
3, 5, 7, 11, 29, 1571
List the prime factors of 3929965.
5, 13, 103, 587
List the prime factors of 118194547.
3041, 38867
List the prime factors of 2225719866.
2, 3, 17, 83, 262901
What are the prime factors of 401596221?
3, 13, 43, 109
List the prime factors of 165761977.
165761977
What are the prime factors of 827834395?
5, 251, 659629
What are the prime factors of 332853747?
3, 479, 231631
What are the prime factors of 2035478015?
5, 1097, 371099
List the prime factors of 578064053.
7, 269, 306991
What are the prime factors of 55764110?
2, 5, 71, 78541
List the prime factors of 3279824868.
2, 3, 59, 199, 23279
List the prime factors of 35418821.
59, 600319
List the prime factors of 463781820.
2, 3, 5, 7729697
What are the prime factors of 1483144